 what is -1 + -13104?
-13110
In base 16, what is -647 + 4?
-643
In base 12, what is -15500 - -6?
-154b6
In base 5, what is 3 + 10033002?
10033010
In base 7, what is 1640451 - -24?
1640505
In base 3, what is 11211220 + -120?
11211100
In base 4, what is -2 - 121003211?
-121003213
In base 7, what is -2 - 453040?
-453042
In base 14, what is -469 - 8?
-473
In base 7, what is 10304016 + -4?
10304012
In base 10, what is 11 + 5829?
5840
In base 13, what is 3000 + 314?
3314
In base 13, what is -1 - 14c32?
-14c33
In base 13, what is 92 + c44?
1006
In base 3, what is 2011201102 + 2?
2011201111
In base 7, what is 6124 + 5?
6132
In base 16, what is 51f8f4 - -5?
51f8f9
In base 15, what is 1 + -5297?
-5296
In base 3, what is 21200 - -100102?
122002
In base 8, what is -27703 - -2?
-27701
In base 14, what is 14d476b - 5?
14d4766
In base 9, what is -30 - 635?
-665
In base 3, what is -120010 + -111?
-120121
In base 16, what is -7247d3 - 1?
-7247d4
In base 4, what is -3332130 - 1020?
-3333210
In base 16, what is -62 - -2de?
27c
In base 16, what is 646 + 3?
649
In base 15, what is 8 + 864?
86c
In base 3, what is 220221 - -211000?
1201221
In base 16, what is -a668 + 3?
-a665
In base 15, what is -4a + 944?
8e9
In base 2, what is -11010011001010 - -10010?
-11010010111000
In base 10, what is -71364 - -21?
-71343
In base 10, what is -284 - -227?
-57
In base 2, what is 11010111010010111100 + -101?
11010111010010110111
In base 15, what is -11ded - -6?
-11de7
In base 16, what is 134 + -16af?
-157b
In base 2, what is 100 + -1101100001011010?
-1101100001010110
In base 16, what is aea - -20?
b0a
In base 2, what is 1100110000110 - 10?
1100110000100
In base 10, what is 0 - 1210015?
-1210015
In base 6, what is 22 + 12515?
12541
In base 14, what is -2 + b2d3?
b2d1
In base 16, what is -14 - f6f4?
-f708
In base 9, what is 370 - -37?
417
In base 4, what is -1022 - 131330?
-133012
In base 4, what is 22301 - -23?
22330
In base 4, what is -123232 + -2022?
-131320
In base 13, what is -25 - -bb3?
b8b
In base 10, what is 24989 + -1?
24988
In base 11, what is 0 + 36294?
36294
In base 16, what is -2f - -3d88?
3d59
In base 5, what is 23413 + 2?
23420
In base 14, what is 5acc3 + -1?
5acc2
In base 12, what is b - -51816?
51825
In base 9, what is -2 + 766513?
766511
In base 4, what is 311 + -121101?
-120130
In base 5, what is -3 - 102312?
-102320
In base 5, what is -12444 + 1121?
-11323
In base 8, what is -5 - 12056?
-12063
In base 5, what is 11122041 + 0?
11122041
In base 5, what is 332242 + 10?
332302
In base 9, what is -3 - 22028?
-22032
In base 13, what is -b4ab8 - -5?
-b4ab3
In base 5, what is 332 - -21304?
22141
In base 4, what is 20 + -312131?
-312111
In base 6, what is -154311 + 13?
-154254
In base 10, what is -36 - -47279?
47243
In base 2, what is 100010110011000 + -10111001?
100010011011111
In base 8, what is -161 - 2463?
-2644
In base 4, what is -12112313 - 1?
-12112320
In base 15, what is 2 - -3d84?
3d86
In base 11, what is 1326 - 15?
1311
In base 16, what is a - -1ed9?
1ee3
In base 5, what is 1321024 - -3?
1321032
In base 5, what is 414000 - 22?
413423
In base 14, what is 27b8 - -12b?
2905
In base 5, what is -33412 + -223?
-34140
In base 14, what is 1 - 4c74?
-4c73
In base 14, what is -12 + 4858?
4846
In base 13, what is 5 + -10ca92?
-10ca8a
In base 8, what is 125272 - 65?
125205
In base 6, what is 3512150 + -4?
3512142
In base 2, what is 1100110011 + -100011111110?
-10111001011
In base 2, what is -100100000011 + 1101?
-100011110110
In base 12, what is -3 - b70?
-b73
In base 8, what is -507202 - 3?
-507205
In base 5, what is -40022230 + 10?
-40022220
In base 2, what is -11010 + 101101011100?
101101000010
In base 4, what is 2233223020 - -10?
2233223030
In base 16, what is 1 - 2f95?
-2f94
In base 11, what is a8 - -3a?
137
In base 3, what is -2 - 100021020?
-100021022
In base 13, what is 6c431 - 2?
6c42c
In base 11, what is a4 + 133?
227
In base 14, what is 30a + -1016?
-b0a
In base 5, what is -2 + 201111?
201104
In base 16, what is -36a8 - 171?
-3819
In base 13, what is 3 - -b468?
b46b
In base 14, what is -2a1 - -a0?
-201
In base 15, what is -204e5 + -4?
-204e9
In base 11, what is -5 + 16582?
16578
In base 10, what is 2 - 1324884?
-1324882
In base 7, what is -3 + 521562?
521556
In base 6, what is 4 + -1503304?
-1503300
In base 13, what is 2a - 41?
-14
In base 12, what is 14b6 + -56?
1460
In base 7, what is 0 - 333164?
-333164
In base 11, what is -3 + a9808?
a9805
In base 2, what is 111111001100110001 + 111?
111111001100111000
In base 15, what is -351 - 3?
-354
In base 2, what is 100010001001 - 1111000101?
10011000100
In base 10, what is 20 + -94?
-74
In base 10, what is 55476 - 0?
55476
In base 7, what is 1 + -1122526?
-1122525
In base 8, what is 2350 + 1103?
3453
In base 13, what is c - -4c280?
4c28c
In base 5, what is 3 - 134331?
-134323
In base 16, what is 4 - -64bf?
64c3
In base 15, what is 1 + 489?
48a
In base 4, what is 10 + -12320122?
-12320112
In base 14, what is 1 + -6da68?
-6da67
In base 5, what is 43142 - -300?
43442
In base 13, what is 3 + -1c896?
-1c893
In base 11, what is -53a8a6 - -8?
-53a899
In base 6, what is 1303311 - 13?
1303254
In base 9, what is -130083 + 5?
-130077
In base 11, what is 104346 + -5?
104341
In base 12, what is -2 + 11468?
11466
In base 14, what is 7c + 9b?
139
In base 2, what is -101001 - -100110011?
100001010
In base 2, what is 101010111010010110000 + 100?
101010111010010110100
In base 6, what is -1240 + -154?
-1434
In base 13, what is 2c0c9 - -1?
2c0ca
In base 3, what is -2000202002 + 1?
-2000202001
In base 12, what is 31a86 + -4?
31a82
In base 9, what is 62454 + -11?
62443
In base 5, what is -1 - -11411?
11410
In base 9, what is 2 + 13585?
13587
In base 15, what is 5 + 79236?
7923b
In base 4, what is 32322013 - 1?
32322012
In base 6, what is 312 + -10544?
-10232
In base 8, what is 136 - -3775?
4133
In base 4, what is -232022 - 111?
-232133
In base 7, what is 4002134 + -1?
4002133
In base 5, what is 4 - 2133?
-2124
In base 11, what is 3751 - 14?
3738
In base 8, what is -4 + -27240?
-27244
In base 10, what is 118 - 31?
87
In base 9, what is -1 + -44380?
-44381
In base 9, what is -8 - 15038?
-15047
In base 12, what is -5a7 - -22?
-585
In base 7, what is -5124 - -5?
-5116
In base 4, what is 0 - -23321233?
23321233
In base 11, what is 1100 + 250?
1350
In base 13, what is 8 + -103822?
-103817
In base 10, what is 0 - -12470?
12470
In base 9, what is 5827 + 0?
5827
In base 3, what is -12 + 1220110220120?
1220110220101
In base 10, what is 6 + 600?
606
In base 7, what is -2430 + 41?
-2356
In base 11, what is 290 - -101?
391
In base 15, what is -155 + -8?
-15d
In base 8, what is 11 + 1464751?
1464762
In base 6, what is -23421 - 50?
-23511
In base 4, what is -103 + 23123113?
23123010
In base 16, what is -1 - 91b9?
-91ba
In base 2, what is -10010 + -1101110000100101?
-1101110000110111
In base 16, what is 16e - -49?
1b7
In base 15, what is -1 - 4aad?
-4aae
In base 4, what is -11 - 33230132?
-33230203
In base 12, what is 2 - a91b1?
-a91ab
In base 16, what is -3 + 7793?
7790
In base 16, what is c + -1074?
-1068
In base 16, what is -3 + -8f0e?
-8f11
In base 14, what is -1173 + -2?
-1175
In base 2, what is -11011000 - 101000101000?
-101100000000
In base 2, what is -1001010101 - 100?
-1001011001
In base 2, what is 1100001000001111 + 11?
1100001000010010
In base 12, what is -a17b + 0?
-a17b
In base 12, what is 170056 - 5?
170051
In base 14, what is -61693 + -1?
-61694
In base 12, what is -152 + -185?
-317
In base 13, what is -5 + -1673?
-1678
In base 4, what is 1 - 21303031?
-21303030
In base 2, what is 110000 - -1100000001?
1100110001
In base 16, what is -4d + 272?
225
In base 5, what is 31322 - -20?
31342
In base 11, what is -10 + 140a?
13aa
In base 9, what is -52848 + 0?
-52848
In base 16, what is -d72c + -11?
-d73d
In base 5, what is -1101 - 1411?
-3012
In base 8, what is 2 + 1155146?
1155150
In base 8, what is 67 + -351?
-262
In base 10, what is 230215 - -3?
230218
In base 7, what is -31445 - 55?
-31533
In base 4, what is 13133 - 21003?
-1210
In base 14, what is -698c + 12?
-697a
In base 13, what is -4 - 165?
-169
In base 14, what is -146 + 57d?
437
In base 10, what is -5 - 15945?
-15950
In base 4, what is -11012 - 112?
-11130
In base 6, what is 3 + -435